t - 17 = -19. Suppose 5*w - t*y - 157 = 1363, w + y - 304 = 0. What is the highest common divisor of 38 and w?
38
Let u = 1008 - 990. Calculate the greatest common divisor of u and 1251.
9
Let x = -61 + 68. Suppose 15 - 323 = -x*h. What is the greatest common divisor of h and 22?
22
Suppose 0 = -3*y + i + 2 + 16, -4*y + 3*i + 24 = 0. What is the greatest common divisor of 30 and y?
6
Let c = 831 + -796. What is the highest common divisor of c and 7?
7
Suppose 4*v - 2*r = v + 8, 5*v = -5*r - 20. Suppose -5*k + 3*k - 2*d + 842 = v, 4*d - 2102 = -5*k. What is the highest common divisor of k and 38?
38
Let s(w) = w**2 + w - 1. Let a(c) = -3*c**3 - c**2 - c + 1. Let o(u) = -a(u) - 3*s(u). Let b be o(2). What is the highest common divisor of b and 35?
7
Suppose 2*z - 2*r = 48, -5*z = -4*z + 4*r - 24. Suppose 0 = -5*a + a + 60. Suppose 5*q - 15 = a. What is the highest common factor of q and z?
6
Suppose 7*z = 3*g + 2*z + 71, -2*g - z = 30. Let x = g - -34. Let w(k) = -35*k - 163. Let d be w(-10). Calculate the highest common factor of x and d.
17
Let j be (35/(-10))/(1/(-20)*2). Suppose 4*p + 3*z = 2*p + j, 4*z + 12 = 0. Calculate the highest common divisor of p and 242.
22
Let d = 42 - 110. Let k = d - -101. Calculate the highest common divisor of k and 22.
11
Suppose 4 + 1 = r, 2*s - 95 = -5*r. Let t be (-7)/((-48)/(-96) - 6/4). Calculate the highest common factor of t and s.
7
Let j be -1*4/(-5)*5. Suppose 0 = 3*x - j - 29. What is the greatest common factor of x and 11?
11
Let k(g) = g - 5. Let o be k(6). Suppose 2*p - 57 - o = 0. Suppose -u + 58 = u. Calculate the highest common factor of p and u.
29
Suppose -20*i + 17*i + 84 = 0. Suppose -3*b = -2*y - 44, -2*b + 5*y + 33 = -0*b. What is the greatest common factor of b and i?
14
Let c(h) = h + 83. Let y be c(38). Calculate the greatest common divisor of y and 1.
1
Suppose 15 + 21 = 4*f. What is the greatest common divisor of 216 and f?
9
Let c(k) = -k + 2. Let t be -1 - 0 - (-11 + 10). Let f be c(t). Suppose 4*d - 88 = f*x - 4*x, -96 = -4*d - 4*x. What is the highest common factor of 80 and d?
20
Let f be -6*(1892/(-77) - (-6)/(-14)). Let x = -118 + f. Calculate the greatest common factor of x and 64.
32
Suppose -10 = 2*b, y - 8*b + 12*b = 80. What is the greatest common factor of y and 8?
4
Let w = -5 + 3. Let t be (3 - 29)/(w + 0). Calculate the highest common divisor of t and 26.
13
Suppose -85 = -2*k - 3*k. Suppose 30 = k*m - 12*m. Let f be 27/m*(-32)/(-3). What is the greatest common divisor of 12 and f?
12
Suppose 0 = 3*n - 5*n + 14. Suppose 0 = 5*g - n*y + 2*y - 35, -y = g - 13. Suppose 5*u - g - 70 = 0. What is the greatest common factor of 112 and u?
16
Suppose 5*n = -2*d - 23, 67 = -4*d + d - n. Let c = -49 - d. Let m = c - -49. What is the greatest common divisor of m and 6?
6
Let d = 499 - 497. Suppose -21 = -4*v - 81. Let m be d/v - 906/(-45). Calculate the greatest common factor of 5 and m.
5
Let w(o) = -21*o + 9. Let h be w(-6). Let q(g) = -54*g. Let v be q(-2). Let a be v*(3/(-6))/(-1). Calculate the greatest common factor of h and a.
27
Let h be 760/(-38)*(-3 - -2). What is the highest common factor of 44 and h?
4
Let c be (-8 - (-21 - -14))/(1/(-148)). Calculate the greatest common factor of c and 4.
4
Let p be (-19)/(38/12)*(-8)/3. What is the greatest common divisor of p and 4?
4
Let m be (1 - 0)/(-3)*(-38 - 4). Let s(z) = -6*z - 2. Let v be s(3). Let b be (-126)/(-10)*v/(-6). Calculate the highest common factor of b and m.
14
Let o be 14/4 + 12/(-8). Suppose -o - 16 = -2*z. Let y = z - 0. What is the greatest common factor of y and 18?
9
Let v(a) = -a**3 + 29*a**2 - 49*a - 72. Let f be v(27). Calculate the highest common divisor of 27 and f.
9
Suppose -4*q + 8*d = 3*d - 45, q = 4*d + 3. Let m = -8 - -8. Let f = 15 - m. Calculate the highest common divisor of q and f.
15
Suppose 3*i - 3*k - 174 = 0, -2*i + 0*k + 136 = 2*k. What is the highest common factor of i and 1008?
63
Let c(m) = 18*m**2 - 14*m + 51. Let l be c(3). What is the highest common divisor of l and 285?
57
Let b be 3 - -3*(-1)/3. Suppose -n + 215 = 4*a, -57 = a - b*a + 3*n. What is the highest common factor of a and 135?
27
Suppose -4*j = -6*j. Let w(l) = l**3 + l**2 + 10. Let s be w(j). Let g = -56 - -86. What is the greatest common divisor of g and s?
10
Let m be ((-52)/(-91))/((-184)/(-182) - 1). Calculate the greatest common divisor of m and 39.
13
Suppose -5*p + 0*p + 5 = 0. Let s(j) = -2 + j**2 + 4 - p - 5*j + 7*j - j**3. Let v be s(2). What is the greatest common factor of v and 3?
1
Let h be -2*3*(-9)/2. Suppose -d + 5 + 5 = 0. Let x be d/5 + 131 - -2. What is the greatest common divisor of x and h?
27
Let d(t) = 2*t**3 + 2*t**2 - 3*t + 1. Let s be d(3). Suppose 24 = -17*a + 20*a. Calculate the greatest common factor of a and s.
8
Let x = -3 - -28. Let l = x + 23. Calculate the highest common divisor of l and 32.
16
Let d be ((-372)/(-2))/6 + (-5 - -4). Calculate the greatest common factor of d and 270.
30
Let w = -2756 - -6042. Calculate the highest common factor of 62 and w.
62
Suppose 0 = 15*o - 41*o + 4186. What is the greatest common divisor of o and 46?
23
Suppose 3*d - 887 = 5*c, d + 62 = -c + 347. Calculate the highest common factor of d and 17.
17
Suppose 26*g - 2844 = 8*g. Calculate the greatest common divisor of 395 and g.
79
Suppose -4*g - 4*o = -g - 254, g = 5*o + 53. What is the greatest common divisor of 104 and g?
26
Let d(n) = 2*n - 8. Let s be d(6). Suppose s*y - 6 = -18. Let k(w) = 2*w**2 - w - 1. Let f be k(y). Calculate the greatest common factor of f and 8.
4
Suppose 40*n = 26*n + 252. What is the highest common factor of n and 522?
18
Suppose 6*i + 98 = -i. Let n = i + 47. Calculate the greatest common divisor of 33 and n.
33
Suppose 4*j - 6310 = 2974. What is the greatest common factor of j and 11?
11
Suppose n - 4 = -3*l + 3*n, -6 = -3*l + 3*n. Suppose 4*x - 48 - 4 = l. What is the greatest common divisor of x and 26?
13
Suppose -13 + 1 = -2*l. Let n = 147 - 101. Suppose -n = v - 88. What is the highest common factor of l and v?
6
Let i be 0 + 1 + 3 + -1. Let k = 64 + -65. Let n be ((-4)/10 - k) + (-132)/(-5). What is the highest common factor of i and n?
3
Suppose -2*w - 3*w = -70. Suppose -b + 994 = 6*b. Let k = -100 + b. What is the highest common divisor of w and k?
14
Let k = 71 + -69. Suppose -3*t + 3*r = -45, -6*t + 75 = -k*t + r. What is the greatest common factor of t and 27?
9
Let g(i) = 6*i - 40. Let t be g(10). Let l = -4 + 0. Let n(s) = s**2 + 4*s + 4. Let z be n(l). What is the highest common factor of t and z?
4
Let l = 14 + -10. Suppose 2*c + 2 = l. Suppose 4*d + c = 4*j - 11, j = -5*d - 9. Calculate the highest common factor of j and 1.
1
Suppose 0 = 2*u + 2, -5*t + 2*u = -802 + 125. What is the greatest common divisor of 180 and t?
45
Suppose -21*o - 32 = -17*o. Let z(f) be the first derivative of -9*f**2/2 - 12*f - 1. Let y be z(o). What is the highest common factor of y and 20?
20
Let i be (6/4)/((-13)/((-2496)/9)). Calculate the highest common factor of 352 and i.
32
Let t = 1246 + -1141. Calculate the highest common divisor of t and 910.
35
Suppose -28*h + 83952 - 10508 = 0. What is the highest common divisor of h and 61?
61
Suppose -3*j = 7*b - 2*b - 60, -4*b = -3*j - 21. Suppose 754 + 56 = b*r. What is the greatest common divisor of r and 10?
10
Let f be (-2)/(-8) + (-55)/(-4). Suppose 6*k - 2*k = 12. Suppose -4*p = 0, -p - 7 = k*q - 175. What is the highest common factor of q and f?
14
Suppose 0 = 4*l - 3*u - 367, 2*l - u - u - 184 = 0. Calculate the greatest common factor of 7 and l.
7
Let t = 19 + -12. Suppose -1464 = -10*u + 2*u. Suppose f - p - 70 = 0, -2*f - 43 + u = -p. Calculate the highest common factor of t and f.
7
Let g be 0 - (-6 + 2/1). Suppose 0 = 5*b + 2*d - 0*d - 94, -4*b + g*d = -92. What is the greatest common divisor of b and 5?
5
Let h(f) = -2*f + 39. Let g be h(17). Let o(a) = a**3 - 4*a**2 + 2*a + 2. Let d be o(g). What is the highest common divisor of d and 407?
37
Let q(w) be the third derivative of w**5/60 - 5*w**4/6 + 23*w**3/2 + 55*w**2. Let f be q(19). Calculate the greatest common divisor of 150 and f.
50
Let m(c) = c**3 + 10*c**2 + 8*c + 8. Let r be m(-7). Let d(y) = 7*y**3 + 7*y - 5. Let s be d(1). Calculate the highe